9 - ((-8 - -7) + 1)))
-34
Calculate -21 - (-5 + (18 - (20 - (9 + 0)))).
-23
Calculate 2661 + -2689 - ((5 - 5) + -41).
13
8 + 3 + (7 - (25 + -60)) - (4 + 7)
42
Evaluate 27 - 1 - (14 + (80 - 79)).
11
Evaluate 19 - ((-11 - 1) + 172 + (10 - 34)).
-117
What is 1 + -21 + (-10 - 17) + -15 + 35?
-27
What is the value of -81 + (570 + -571 - (0 - -21))?
-103
What is (-2 - -12) + -53 + (431 - 431)?
-43
2 + -1 + (1 - 4) - (-10 + 48 - 29)
-11
(5 - (3 + 0)) + 31 + 18 + (18 - 33)
36
Evaluate ((0 - 50) + -7 + -2 - (1 + -12)) + 3.
-45
Calculate 86 - (-37 - (29 - 95)) - (-7 + -2 + -3).
69
Calculate (9 - -91 - 49) + -2.
49
(3 - 7) + -6 + 9 + -3
-4
Evaluate 15 - (598 + -574 + -3 + 0).
-6
What is the value of (3 + -6 - -17) + (-7 - -7) + -32?
-18
Calculate -90 - (126 + -29 + -116).
-71
Evaluate -1 + 12 - (-37 - (26 - -38) - -27).
85
Calculate 51 - ((-15 - (17 - 5 - 24)) + -6 + -2).
62
What is the value of -7 + (4 - (14 - 15 - 10)) - 15?
-7
What is 117 + -114 - (-5 - 35)?
43
Evaluate -141 + (-5 - 14 - -19) + 2 + 22.
-117
Evaluate 61 - 3 - (-253 + 235) - 23.
53
Evaluate -33 + 9 - (42 - (62 + -47)).
-51
Calculate (-11 - (44 - 103)) + -31.
17
Evaluate (3 - 1 - 10) + 38 + (8 + -63 - -46).
21
-3 + 26 + -5 - 15 - -36
39
What is the value of 135 + -73 - (-7 + 5 + -3 - -1)?
66
Evaluate -90 - ((10 - 4) + -24 + -31 + 47).
-88
Calculate -55 + -30 + 13 - -48.
-24
What is the value of (32 + -17 - 12) + 2 + -4 + 39?
40
Evaluate 4 + (-13 - (-3 - -11) - -2 - -46).
31
What is 102 - 76 - (0 + 2 + (31 - 29) - -6)?
16
15 - 4 - (27 + -18 + 7)
-5
-7 + -37 + 21 - 5 - (-2 + -1)
-25
What is 1 - -13 - (33 - (-34 + 53)) - 32?
-32
Calculate -45 + -8 + -8 + 68.
7
Evaluate -46 - ((40 - 92) + -26).
32
What is the value of 58 + -363 + 340 + -1 + 9?
43
147 + (-93 + -181 - -6)
-121
Calculate -91 + 21 + (-62 - -188).
56
(30 + -185 - 21) + -8 + 40
-144
Evaluate (38 - 87) + 28 - -70.
49
-9 - (-18 + (6 - 4)) - (-11 - -14 - -7)
-3
What is the value of -370 + 254 + (57 - 28)?
-87
-2 - 35 - (-2108 + 2052)
19
What is the value of 3 + -46 + (8 + -54 - -59)?
-30
-3 - -31 - (-3 + -5 + 17 + -21)
40
Calculate -8 - ((13 - 3) + 43 + (-31 - -9)).
-39
Calculate 42 + -32 + (7 - -6).
23
What is (10 - -2) + -13 - (0 - 0) - (-14 - 0)?
13
Evaluate -760 - -727 - (-3 + 8).
-38
What is the value of (3 - -1) + -3 + -6 + (-10 - (-16 - -1))?
0
What is 105 - 113 - (-5 + (0 - -10 - -6))?
-19
What is -24 - (10 + 3 + -21) - -6 - (1 + -51)?
40
What is the value of (4 - (6 + 21 - 23)) + (-35 - -1)?
-34
What is the value of -16 + (14 + -28 + 17 - (-2 - -33))?
-44
Evaluate (-144 + -21 + 4 - -34) + 3.
-124
Calculate 37 - (4 - (16 + -19) - -14).
16
Evaluate 11 + (0 - 32 - (12 - 23) - -2) - 48.
-56
What is 46 + -32 - (-4 + (0 - 1) - (14 - -2))?
35
(5 + (-12 - (-30 - -25)) - -11) + (7 - 1)
15
What is -25 - (4 - (6 + 0))?
-23
What is the value of (67 - 62 - (-6 + 25)) + 7?
-7
Evaluate (-2 - ((20 - 17) + 7) - -141) + -6.
123
Calculate (2 - -49) + (12 - 102).
-39
Evaluate 27 - (-52 + (51 - (-17 - -40))).
51
What is -17 - ((58 - 89) + 53 + -2 + -17)?
-20
Evaluate 5 - ((7 + -11 - (-13 + 22)) + -15).
33
-7674 + 7671 + -45 + 2 + (-3 - (2 + -2))
-49
-4 - -3 - (27 + (-6 - 17) - -1)
-6
(-21 + -12 - -27) + (-16 - 0) + 3
-19
What is 29 - (19 - 36) - 35 - 38?
-27
What is 0 + -73 + -2 - (-9 + -1) - -14?
-51
Calculate 50 - (-55 + 102) - 75.
-72
What is (-22 - -28) + 16 + (42 - 77)?
-13
Calculate 163 + -67 - 178 - -48.
-34
What is -75 + (-112 - -58 - -131)?
2
What is the value of (34 + -16 + -18 - (18 + -2)) + -7?
-23
Evaluate -12 + 8 - 30 - (-2 - 5 - -4 - 3).
-28
What is 8 - (-11 + 14) - 2 - (-6 + 4 + -22)?
27
What is -2 - (8 - (10 + 4 + -3))?
1
What is -17 + -21 + (-11 - (19 - 46))?
-22
26 + -59 + 1 + (544 - 516)
-4
Evaluate -6 - 3 - (-361 + 354).
-2
Evaluate -62 + 143 + 49 + -12 + -5.
113
Evaluate (-5 + 7 - -5) + (14 - -2 - 72).
-49
What is 11 - (30 + 26 + -12 + 75)?
-108
Calculate -3 + 15 + (96 - 89) - -17.
36
What is 170 + -191 + (10 - 1) - 39?
-51
Evaluate 61 + -6 + (4 + (-1 - (9 + -3)) - -11).
63
(5 - (-1 - 19) - 104) + -33
-112
What is -2704 + 2648 - (0 + -87)?
31
What is 74 + (3 - ((-15 - 17) + 22) - 20)?
67
Calculate 1 - 0 - ((2 - 49) + 519 + -487).
16
What is -1 + -3 - ((-33 - -22) + 18 - 3) - 38?
-46
What is 89 + (-67 - -49) - (-3 - (-6 - (4 + -1)))?
65
Calculate -20 - (11 + (11 + -5 - 2)).
-35
Evaluate (458 - 468) + (-34 - 6).
-50
What is -10 + -12 + (-10 - -31) - -6?
5
(-1 - 17 - (-10 + -12 - (14 + -47))) + 1
-28
What is 138 + (-15 - (-40 - -18) - 25)?
120
Calculate (3 - 9 - 11) + (81 - (75 - -5)).
-16
Calculate (24 - 94 - -60) + 86.
76
What is the value of (-5 - 22) + 24 - ((-1 - -31) + 36 + -39)?
-30
What is 1 + 29 + -225 + 216?
21
-39 + (-31 - (-89 + 42))
-23
What is -54 + 71 + (-55 - -72)?
34
What is (-57 - -58) + (-22 - 1) + -16?
-38
25 + -3 + 51 - 49
24
Calculate 56 - ((-13 - -10) + 105).
-46
What is the value of (10 - 0 - -3 - (-1 - (11 - -43))) + -1?
67
Evaluate 89 - (14 + -15 + (14 - 2) + -18).
96
Calculate -1 + 14 - (-125 + 118 - -128).
-108
(-5 + 4 + -10 - (156 + -162)) + -57
-62
-1 - ((-18 - -2) + -173 + 164 + 0 + 4)
20
What is -5 - (-5 - -18) - (-290 - -237)?
35
Evaluate (-10 - -9 - -1) + 5 + 0 - (-8 - -15).
-2
What is 4 + 15 - (12 + 18 - 52)?
41
(-6 - -22 - 11) + -14 + -35
-44
What is -6 + (7 - (-9 + 10)) + 1 - 33?
-32
-7 - (-11 + 28 + -1 + -3 - 5)
-15
Calculate 42 - 87 - -35 - (0 + 20).
-30
Calculate -84 + (-32 - -226) + -71.
39
Evaluate -27 + 18 + -32 + -5 + (-3 - -4) + 2.
-43
(2 + -88 - (-28 + 22)) + -40
-120
Calculate -104 - (-17 + -100) - (56 - 0).
-43
(-8 - (1 + -5)) + 56 + (10 - -9) + -8
63
-14 - (-9 + (0 - -12 - (110 - 55)))
38
Calculate -429 + 490 + (-11 + 0 - 1) - (0 + 5).
44
What is 17 - -2 - (-1 + 1) - ((4 - -33) + -31)?
13
Evaluate 2 + -50 - (-113 - (-192 + 102)).
-25
1 - 8 - (59 - (45 + -5)) - 13
-39
Evaluate (-70 - -95) + (-25 - 7) - (2 - -95).
-104
Calculate (-10 - -6) + 16 + (2 - 42).
-28
What is the value of (14 - 8) + 37 + -43 + (-4 - -46)?
42
Evaluate (1979 - 1806 - (46 - -1)) + 9.
135
What is -23 - ((1326 - 1304) + (0 - 68))?
23
Calculate (3 - (-206 - -219) - ((-10 - 0) + -1)) + -94.
-93
Calculate -89 + 76 + (21 - 3) - 36.
-31
What is the value of -7 - (2 + -52 - (-27 + 14 + -4 + 10))?
36
What is -61 + (52 - 24) + 12 + -2 + 0?
-23
Calculate -4 - (-4 + (-1 - -12) - (320 - 345)).
-36
(-1088 - -1093) + (1 + -2 - (-2 - -2)) - -9
13
Evaluate 10 - ((1 - -5) + 1 - (40 + 23 + -14)).
52
What is 38 + 50 + -7 + -92?
-11
Evaluate 6 + -3 + -3 + 1 + 1 - (-604 + 601).
5
What is the value of (251 - 252) + -2 - ((62 - (-2 - -4)) + -1)?
-62
What is -11 + 1 + (-19 - (-2 - (-16 + -3)))?
-46
(-9 - -70) + 18 + -4 - (-19 + 5)
89
12 + (97 - 93) + (55 - 3)
68
What is the value of 38 - (-11 - ((85 - 82) + 12 + -4))?
60
What is the value of (-19 - (5 + -41)) + 6 + -16?
7
Evaluate 25 - 34 - (-50 + (-4 - (-4 - -5))).
46
What is the value of 736 - 690 - (-6 + 34)?
18
What is the value of 89 + -21 + -1 + 10 - (7 - (3 + -7))?
66
What is (11 + -78 - 3) + -5 + -10?
-85
What is (4 + (-14 - -3) - (-5 - 5)) + -20 + 29?
12
14 + 50 + (-13 - (-12 - -5)) + -4
54
Evaluate -84 - ((-133 - -138) + (7 - (0 - (1 - 4)))).
-93
Evaluate (0 - -4) + -1 + 2 + -26 - (-129 + 134).
-26
Calculate (2 - 4) + 13 + (-20 - (8 + -114)) + 9.
106
What is 37 - (-49 - (6 + -95))?
-3
Evaluate -13 + -13 + (-17 + 5 - -4) + 19.
-15
128 - 134 - 78 - -32
-52
Evaluate (12 + 13 + -12 - 16) + 21.
18
What is -97 - -36 - -17 - -108?
64
What is the value of 36 + (11 - (10 + 9 + -4 - 6 - 0))?
38
What is the value of -16 + 536 + -563 + (-3 - 1) + 6?
-41
What is the value of -1303 - -1292 - (-41 + -1)?
31
What is (1 - -12) + (198 - 257 - (4 + 3)) + 5?
-48
Calculate -17 + (-9 - (-15 - (-6 - -5))) - -8.
-4
What is the value of -322 + 320 - (-3 + 29)?
-28
-1 + 3 - 4 - 8 - (-21 + 14)
-3
Evaluate -11 + -19 + 12 + 0 - -56.
38
-75 + 41 + -42 + 64
-12
What is -14 + -98 + 95 + 1 + 1 - -9?
-6
Evaluate 59 + (-9 - (14 - -49)).
-13
What is 3 + -1 - (-22 - 13 - -32)?
5
What is (4 - 22) + (-2 + 17 - (5 + 2)) + -123?
-133
65 - (20 + 9 + -26 + 19)
43
What is 2185 + -2118 + (-7 - 1)?
59
What is -41 - ((0 - 31) + (16 - 0) + 2)?
-28
-60 + -4 - (-14 + 11 - (-10 - -15))
-56
What is the value of -63 - (-6 - -3) - (-19185 - -19221)?
-96
Calculate (15 - 34) + 59 + 12 + -12.
40
What is (88 - 109 - 40) + 3?